e x - 4*m - 16 - 5 = 0, -5*m + 3 = x. Suppose 384 = -x*o + 15*o. Suppose -o + 23 = -z. What is the tens digit of z?
6
Suppose h = 4*n + 20696 + 2188, 4*n - 16 = 0. What is the hundreds digit of h?
9
Let g = -121 - -471. Suppose 65*a - g = 60*a. Suppose -4*n + 78 = -a. What is the tens digit of n?
3
Suppose -5*y - 4*v = -3*v - 7, -4*v - 18 = -3*y. Suppose 1195 = z + 3*i, -4*i = y*z - i - 2393. What is the tens digit of z?
9
Suppose -5*p - s + 290 = -531, -5*p + 4*s + 816 = 0. Suppose 0 = -0*j + 4*j - 112. Let f = p - j. What is the tens digit of f?
3
Let d = 35613 - 25229. What is the hundreds digit of d?
3
Let u(w) = -371*w + 1696. What is the tens digit of u(-26)?
4
Let m be 4508 + 75 + (-4)/(-1). Suppose -9*q - 807 = -m. What is the hundreds digit of q?
4
Suppose 14 = -4*f + 11*f. Let t(w) = 4 + f*w - 2 + 2 + 8*w**2. What is the units digit of t(-2)?
2
What is the tens digit of (3 + (-21)/6)*(-10 + (-2276964)/27)?
7
Suppose w = -5*m + 2146 - 195, 2*w + 5*m = 3887. What is the hundreds digit of w?
9
Let b = -46974 + 70586. What is the units digit of b?
2
Suppose -62*m = -291*m + 7836985 - 1459106. What is the units digit of m?
1
Let m(g) be the first derivative of -2*g**2 + 28/3*g**3 - 4 + g. What is the tens digit of m(-2)?
2
Let a(c) = -26 + 1 + 11*c + 3*c**2 + 11. What is the hundreds digit of a(9)?
3
Let c = -101 - -120. Suppose 0 = 26*v - c*v - 1785. What is the units digit of v?
5
Let w(l) = -l**3 + 16*l**2 + 7*l - 102. Let v be w(16). Suppose -14*z + v*z + 753 = -3*f, 0 = -z - f + 190. What is the hundreds digit of z?
1
What is the hundreds digit of 679/388*(-3)/((-9)/16260)?
4
Let u(a) = -39*a**3 - 11*a**2 + 39*a - 8. Let h be u(4). Let k = h + 4143. What is the units digit of k?
9
Let q = 9433 - 4210. What is the hundreds digit of q?
2
Suppose 13 = -2*i + 89. Let s = i - -7. What is the units digit of (-1 - -3)/(3/s)?
0
Suppose a + 2752 = -5*y, 4 = 2*y + 10. Let g = -1683 - a. What is the tens digit of g?
5
Let c = -2328 - -852. What is the hundreds digit of (3/4)/(10323/c + 7)?
1
Suppose 0 = -11*u - 111 + 144. Suppose 42*h - 7371 = u*h. What is the tens digit of h?
8
Suppose -5*o = 3*q - 38973, 4*q - 24406 - 27558 = -o. What is the tens digit of q?
9
Let u = 1317 - -2624. What is the units digit of u?
1
What is the hundreds digit of 180/(-40)*(-77000)/66?
2
Let d(i) be the third derivative of 7*i**5/30 + i**4/8 - 7*i**3/2 + 25*i**2 - 2. What is the units digit of d(5)?
4
What is the units digit of ((-22)/(-55))/((-14)/(-252805))?
3
Let n(d) = 25*d - 245. Let w be n(15). Let i = w - -158. What is the units digit of i?
8
What is the hundreds digit of -5 + ((-75355)/(-5) - -3) - -7?
0
Suppose 0 = -4*a + 2016 + 440. Suppose -4*m + 1035 = 4*r - 201, -2*r - 4*m = -a. What is the units digit of r?
1
Suppose 2*b - s = -6 - 23, -4*b = -5*s + 43. What is the tens digit of (b + -316)/(0 - 1)?
3
Suppose -u + 15*o = 13*o - 6923, -13861 = -2*u - o. What is the hundreds digit of u?
9
Let m(c) be the first derivative of c**4/6 - 5*c**3/6 + 9*c**2 + c + 16. Let t(a) be the first derivative of m(a). What is the units digit of t(4)?
0
Let v be 0/2 - (-1009 + 9). Let w = -668 + v. Suppose 5*y - w = 268. What is the tens digit of y?
2
What is the tens digit of (299/39)/(-23)*-18516?
7
Suppose 32*o - 3559 = 985. Suppose -162*c + 24260 = -o*c. What is the hundreds digit of c?
2
Suppose -265821 = -15*x - 56316. What is the hundreds digit of x?
9
Suppose -196*y = 81*y - 2465854. What is the units digit of y?
2
Suppose 2*i - 43 = 45. Let r = i + 33. What is the tens digit of r?
7
Let p = 18 + -22. What is the tens digit of 6/p - (-5 - 2670/12)?
2
Let c(b) = -790*b**2 + 1591*b**2 + 147*b - 793*b**2 + 13. What is the units digit of c(-21)?
4
What is the thousands digit of (329511/102)/(-2 - (-5)/2)?
6
Let p(d) be the third derivative of 77*d**5/60 - d**4/12 + d**3/6 + 2*d**2 + 8*d. What is the tens digit of p(-2)?
1
Suppose 1965 = -y + 372. Let x = -709 - y. What is the units digit of x?
4
Suppose 12*t + 36 = 18*t. Let c(s) = 97*s - 46. What is the hundreds digit of c(t)?
5
Suppose 8*l = 9*l + 3*i - 54098, -4*i = -2*l + 108106. What is the units digit of l?
1
What is the units digit of ((-40)/(-70))/1 + (-13765)/(-7)?
7
Let p(z) = -3*z - 2. Let o be p(-2). Let n(i) = 22*i + 2*i**2 - 4 + i - 13*i. What is the units digit of n(o)?
8
Let j = 336 + -333. Suppose -j*c = -268 - 1025. What is the hundreds digit of c?
4
Let z = -68 - -68. Suppose z = -0*l - 9*l - 306. What is the units digit of l/(-1)*1 + 11 + -14?
1
Suppose 363*n - 366*n + 32018 = -h, 3 = 3*h. What is the thousands digit of n?
0
Let x(y) = 16*y + 1749. What is the thousands digit of x(45)?
2
Let p = -197 + 206. What is the tens digit of (5 - (-11 + p))*542/14?
7
Let f = -20624 + 31771. What is the hundreds digit of f?
1
Suppose 173746 + 998 = 27*f. What is the thousands digit of f?
6
Let l(r) = r**3 - 5*r**2 - 2*r. Let o be l(6). Let m = o + 52. What is the tens digit of m/6 - 5/(-15)?
1
Let k(f) = f**2 - 7*f + 42. Suppose 22 = -9*w + 11*w. What is the units digit of k(w)?
6
Suppose -r + 5*q + 42 = -75, -3*r + 403 = -2*q. Suppose -953 - r = -5*f. Suppose 2*z + 4*l = f, 3*z - 5*l = 84 + 254. What is the tens digit of z?
1
Let x(m) = -25*m**2 - 2*m - 7. Let p be x(-9). Let y = 2935 + p. Suppose 256 - y = -7*t. What is the tens digit of t?
9
Let h(x) = 2*x**3 + 2*x**2 - 4*x + 2. Let c be h(1). Suppose -10*p - c*p + 10152 = 0. What is the tens digit of p?
4
Let v(b) = -2425*b + 626. What is the hundreds digit of v(-6)?
1
Let d(b) = 3*b**2 - 3*b - 7. Let h be d(-3). Suppose 11*i - 79 = 42. Let x = i + h. What is the tens digit of x?
4
Suppose 516 = -3*t + 1071. Let w = t - 90. What is the tens digit of w?
9
Let t(n) = -2*n**3 - 17*n**2 - 19*n - 22. Let f be t(-7). Let v = f + 470. What is the hundreds digit of v?
4
Let w = -148 - -153. Suppose -a - 455 = 5*j - 2042, -w*a = -j + 333. What is the hundreds digit of j?
3
Let f = 197 + -193. Let d = 304 + -154. Suppose 26 + d = f*q. What is the units digit of q?
4
Suppose h + 3*m = 837, -2*h - 2*h = 5*m - 3362. Suppose 327 = 2*r + l - 1359, r + 3*l - h = 0. What is the tens digit of r?
4
Suppose 4*g + 865 = z - 592, -2*z - 2*g + 2874 = 0. Suppose 0 = -2*s + 5*m + z, -11 = -4*m + 9. What is the units digit of s?
3
Let s(f) = 9*f**3 + 19*f**2 - 10*f + 21. What is the tens digit of s(8)?
6
Let d(w) = -w**2 - w + 10. Let u be d(-4). What is the tens digit of -2*u/((-16)/(-1028))?
5
Suppose -4 = 4*f + 4*c, -2*c = 2*f - 4*c - 6. Suppose -5*g = f - 21. Suppose u + 77 = m - 3*u, g*u = -4*m + 208. What is the units digit of m?
7
Let t be (-4 - 21/1) + -2. What is the hundreds digit of (-9204)/t + (-7)/(-63)?
3
Suppose 8*t - 3*t = 15. Let a be 21/14 - (-4)/24*3. Suppose a*z = -t*z + 365. What is the units digit of z?
3
Suppose -s = 4*t - 203 - 32, 4*s - 5*t - 1003 = 0. Suppose -15*b + 2*b + s = 0. Suppose -f = -107 + b. What is the units digit of f?
8
Let y = 65 + -99. Let j = -22 - y. Suppose -j*o = -17*o + 1010. What is the units digit of o?
2
Suppose -7 = -4*f + 5*s, 2*s + 1 = 4*f - 9. Suppose 5*w - 170 = 2*a + 3*a, 0 = -2*a - 2. What is the tens digit of (-1624)/(-22) - (-2)/w*f?
7
Suppose -2*g = -2*s + 572, 5*s + 8 = -7. Let q = 225 - g. What is the hundreds digit of q?
5
Let a(y) = 9*y + y + 6*y + 6. Let n be a(4). Suppose -3*i = -53 - n. What is the units digit of i?
1
Let b = -4820 - -7110. What is the hundreds digit of b?
2
Let h = 340 - -147. Let o = h + -31. What is the units digit of o?
6
Suppose 0 = 5*l - 5*j - 84910, -5*l = -0*l - 3*j - 84902. What is the units digit of l?
8
Let b(x) = x**2 - 6*x + 6. Let k be b(8). Let a(v) = -2*v - 6. Let f be a(k). Let n = 78 - f. What is the tens digit of n?
2
Let u(s) = 0*s**3 - 3*s**2 - s**3 + 4*s**2 + 77 - 98. What is the units digit of u(-8)?
5
Let i be (-269)/((26/78)/((-1)/3)). Suppose i = 5*x + 84. What is the tens digit of x?
3
Let d = -16 - 0. Let r be d/(-24) - (-745)/3. Suppose r = a + 2*a. What is the units digit of a?
3
Let w be (16/(-24))/(2/606). Let r = w - -704. What is the units digit of r?
2
Suppose 22*n = 40*n - 35*n + 820080. What is the hundreds digit of n?
2
What is the tens digit of ((-7275)/(-50))/((-1)/30*-5)?
7
Let w(g) = -30*g**3 - 3*g**2 - 3*g - 3. Let i = 107 - 109. Let q be w(i). Let